{"id":346,"date":"2026-03-14T23:15:06","date_gmt":"2026-03-15T02:15:06","guid":{"rendered":"https:\/\/visionsharetecnologia.com.br\/?page_id=346"},"modified":"2026-03-15T09:00:28","modified_gmt":"2026-03-15T12:00:28","slug":"goto","status":"publish","type":"page","link":"https:\/\/visionsharetecnologia.com.br\/index.php\/goto\/","title":{"rendered":"GoTo"},"content":{"rendered":"<div class=\"et_pb_section_0 et_pb_section et_section_regular et_block_section preset--module--divi-section--74c69059-8e69-4122-b1e6-dfeabf6c5711\">\n<div class=\"et_pb_row_0 et_pb_row et_flex_row\">\n<div class=\"et_pb_column_0 et_pb_column et_flex_column et_pb_css_mix_blend_mode_passthrough et_flex_column_3_5 et_flex_column_3_5_tablet et_flex_column_24_24_phone\">\n<div class=\"et_pb_heading_0 et_pb_heading et_pb_module et_block_module preset--module--divi-heading--ddeb8c09-9078-4424-bc15-2efb6572e28e\"><div class=\"et_pb_heading_container\"><h1 class=\"et_pb_module_header\">Comunica\u00e7\u00f5es em nuvem com tecnologia de IA<\/h1><\/div><\/div>\n\n<div class=\"et_pb_text_0 et_pb_text et_pb_bg_layout_light et_pb_module et_block_module preset--module--divi-text--0504de1e-f5ff-4281-ba60-cbbe4edf98bc\"><div class=\"et_pb_text_inner\"><p><span style=\"font-family: Figtree; font-size: 32px;\">Simplifique as intera\u00e7\u00f5es com clientes hoje mesmo com uma solu\u00e7\u00e3o completa<\/span><\/p>\n<\/div><\/div>\n<\/div>\n\n<div class=\"et_pb_column_1 et_pb_column et-last-child et_flex_column et_pb_css_mix_blend_mode_passthrough et_flex_column_2_5 et_flex_column_2_5_tablet et_flex_column_24_24_phone\">\n<div class=\"et_pb_image_0 et_pb_image et_pb_module et_flex_module\"><span class=\"et_pb_image_wrap\"><img loading=\"lazy\" decoding=\"async\" src=\"http:\/\/visionsharetecnologia.com.br\/wp-content\/uploads\/2026\/03\/124578.png\" alt=\"GoTo Connect\" title=\"GoTo Connect\" width=\"399\" height=\"438\" srcset=\"https:\/\/visionsharetecnologia.com.br\/wp-content\/uploads\/2026\/03\/124578.png 399w, https:\/\/visionsharetecnologia.com.br\/wp-content\/uploads\/2026\/03\/124578-273x300.png 273w\" sizes=\"(max-width: 399px) 100vw, 399px\" class=\"wp-image-386\" \/><\/span><\/div>\n<\/div>\n<\/div>\n<\/div>\n\n<div class=\"et_pb_section_1 et_pb_section et_section_regular et_flex_section\">\n<div class=\"et_pb_row_1 et_pb_row et_flex_row\">\n<div class=\"et_pb_column_2 et_pb_column et_flex_column et_pb_css_mix_blend_mode_passthrough et_flex_column_18_24 et_flex_column_18_24_tablet et_flex_column_24_24_phone\">\n<div class=\"et_pb_heading_1 et_pb_heading et_pb_module et_block_module preset--module--divi-heading--c33f07d9-41e0-421a-8799-5799df695cce\"><div class=\"et_pb_heading_container\"><h2 class=\"et_pb_module_header\">Software de comunica\u00e7\u00e3o empresarial unificada<\/h2><\/div><\/div>\n<\/div>\n\n<div class=\"et_pb_column_3 et_pb_column et-last-child et_flex_column et_pb_column_empty et_pb_css_mix_blend_mode_passthrough et_flex_column_6_24 et_flex_column_6_24_tablet et_flex_column_24_24_phone\"><\/div>\n<\/div>\n<\/div>\n\n<div class=\"et_pb_section_2 et_pb_section et_section_regular et_block_section\">\n<div class=\"et_pb_row_2 et_pb_row et_block_row preset--module--divi-row--048d8e79-b07f-439b-bd57-f41c14f0a56b\">\n<div class=\"et_pb_column_4 et_pb_column et_pb_column_1_2 et_block_column et_pb_css_mix_blend_mode_passthrough\">\n<div class=\"et_pb_image_1 et_pb_image et_pb_module et_flex_module\"><span class=\"et_pb_image_wrap\"><img loading=\"lazy\" decoding=\"async\" src=\"http:\/\/visionsharetecnologia.com.br\/wp-content\/uploads\/2026\/03\/acc-tab-1-2.jpg\" alt=\"GoTo Connect CX\" title=\"GoTo Connect CX\" width=\"1110\" height=\"740\" srcset=\"http:\/\/visionsharetecnologia.com.br\/wp-content\/uploads\/2026\/03\/acc-tab-1-2.jpg 1110w, http:\/\/visionsharetecnologia.com.br\/wp-content\/uploads\/2026\/03\/acc-tab-1-2-980x653.jpg 980w, http:\/\/visionsharetecnologia.com.br\/wp-content\/uploads\/2026\/03\/acc-tab-1-2-480x320.jpg 480w\" sizes=\"(min-width: 0px) and (max-width: 480px) 480px, (min-width: 481px) and (max-width: 980px) 980px, (min-width: 981px) 1110px, 100vw\" class=\"wp-image-366\" \/><\/span><\/div>\n<\/div>\n\n<div class=\"et_pb_column_5 et_pb_column et_pb_column_1_2 et-last-child et_block_column et_pb_css_mix_blend_mode_passthrough\">\n<div class=\"et_pb_heading_2 et_pb_heading et_pb_module et_block_module preset--module--divi-heading--c33f07d9-41e0-421a-8799-5799df695cce\"><div class=\"et_pb_heading_container\"><h2 class=\"et_pb_module_header\">GoTo Connect Phone System<\/h2><\/div><\/div>\n\n<div class=\"et_pb_text_1 et_pb_text et_pb_bg_layout_light et_pb_module et_block_module preset--module--divi-text--2c55a9c4-feed-423b-9edb-ae0b5b365cac\"><div class=\"et_pb_text_inner\"><p>O <strong data-start=\"2\" data-end=\"31\">GoTo Connect Phone System<\/strong> \u00e9 uma solu\u00e7\u00e3o de telefonia empresarial em nuvem que moderniza a comunica\u00e7\u00e3o da sua empresa. Com chamadas, mensagens e videoconfer\u00eancias em uma \u00fanica plataforma, ele permite atender clientes de qualquer lugar, com recursos avan\u00e7ados de telefonia, automa\u00e7\u00e3o de chamadas e gest\u00e3o profissional do atendimento.<\/p>\n<\/div><\/div>\n<\/div>\n<\/div>\n\n<div class=\"et_pb_row_3 et_pb_row et_block_row preset--module--divi-row--048d8e79-b07f-439b-bd57-f41c14f0a56b\">\n<div class=\"et_pb_column_6 et_pb_column et_pb_column_1_2 et_block_column et_pb_css_mix_blend_mode_passthrough\">\n<div class=\"et_pb_heading_3 et_pb_heading et_pb_module et_block_module preset--module--divi-heading--c33f07d9-41e0-421a-8799-5799df695cce\"><div class=\"et_pb_heading_container\"><h2 class=\"et_pb_module_header\">GoTo Connect Customer Experience (CX)<\/h2><\/div><\/div>\n\n<div class=\"et_pb_text_2 et_pb_text et_pb_bg_layout_light et_pb_module et_block_module preset--module--divi-text--2c55a9c4-feed-423b-9edb-ae0b5b365cac\"><div class=\"et_pb_text_inner\"><p>O <strong data-start=\"2\" data-end=\"21\">GoTo Connect CX<\/strong> \u00e9 uma plataforma completa de experi\u00eancia do cliente que centraliza todos os canais de atendimento \u2014 como voz, WhatsApp, SMS, chat e redes sociais \u2014 em um \u00fanico ambiente. Com automa\u00e7\u00e3o, recursos de IA e relat\u00f3rios avan\u00e7ados, ele ajuda empresas a oferecer atendimento \u00e1gil, omnicanal e altamente eficiente.<\/p>\n<\/div><\/div>\n<\/div>\n\n<div class=\"et_pb_column_7 et_pb_column et_pb_column_1_2 et-last-child et_block_column et_pb_css_mix_blend_mode_passthrough\">\n<div class=\"et_pb_image_2 et_pb_image et_pb_module et_flex_module\"><span class=\"et_pb_image_wrap\"><img loading=\"lazy\" decoding=\"async\" src=\"http:\/\/visionsharetecnologia.com.br\/wp-content\/uploads\/2026\/03\/story-card-2-2-1.png\" alt=\"GoTo Connect CX\" title=\"GoTo Connect CX\" width=\"1110\" height=\"740\" srcset=\"http:\/\/visionsharetecnologia.com.br\/wp-content\/uploads\/2026\/03\/story-card-2-2-1.png 1110w, http:\/\/visionsharetecnologia.com.br\/wp-content\/uploads\/2026\/03\/story-card-2-2-1-980x653.png 980w, http:\/\/visionsharetecnologia.com.br\/wp-content\/uploads\/2026\/03\/story-card-2-2-1-480x320.png 480w\" sizes=\"(min-width: 0px) and (max-width: 480px) 480px, (min-width: 481px) and (max-width: 980px) 980px, (min-width: 981px) 1110px, 100vw\" class=\"wp-image-365\" \/><\/span><\/div>\n<\/div>\n<\/div>\n\n<div class=\"et_pb_row_4 et_pb_row et_block_row preset--module--divi-row--048d8e79-b07f-439b-bd57-f41c14f0a56b\">\n<div class=\"et_pb_column_8 et_pb_column et_pb_column_1_2 et_block_column et_pb_css_mix_blend_mode_passthrough\">\n<div class=\"et_pb_image_3 et_pb_image et_pb_module et_block_module preset--module--divi-image--8249bb47-7bda-4c77-8a37-2a958f7a9826\"><span class=\"et_pb_image_wrap\"><img loading=\"lazy\" decoding=\"async\" src=\"http:\/\/visionsharetecnologia.com.br\/wp-content\/uploads\/2026\/03\/acc-tab-1-3-1.jpg\" alt=\"GoTo Connect Contact Center\" title=\"GoTo Connect Contact Center\" width=\"1110\" height=\"740\" srcset=\"http:\/\/visionsharetecnologia.com.br\/wp-content\/uploads\/2026\/03\/acc-tab-1-3-1.jpg 1110w, http:\/\/visionsharetecnologia.com.br\/wp-content\/uploads\/2026\/03\/acc-tab-1-3-1-980x653.jpg 980w, http:\/\/visionsharetecnologia.com.br\/wp-content\/uploads\/2026\/03\/acc-tab-1-3-1-480x320.jpg 480w\" sizes=\"(min-width: 0px) and (max-width: 480px) 480px, (min-width: 481px) and (max-width: 980px) 980px, (min-width: 981px) 1110px, 100vw\" class=\"wp-image-368\" \/><\/span><\/div>\n<\/div>\n\n<div class=\"et_pb_column_9 et_pb_column et_pb_column_1_2 et-last-child et_block_column et_pb_css_mix_blend_mode_passthrough\">\n<div class=\"et_pb_heading_4 et_pb_heading et_pb_module et_block_module preset--module--divi-heading--c33f07d9-41e0-421a-8799-5799df695cce\"><div class=\"et_pb_heading_container\"><h2 class=\"et_pb_module_header\">GoTo Connect Contact Center<\/h2><\/div><\/div>\n\n<div class=\"et_pb_text_3 et_pb_text et_pb_bg_layout_light et_pb_module et_block_module preset--module--divi-text--2c55a9c4-feed-423b-9edb-ae0b5b365cac\"><div class=\"et_pb_text_inner\"><p>O <strong>GoTo Connect Contact Center<\/strong> \u00e9 uma solu\u00e7\u00e3o avan\u00e7ada de atendimento em nuvem que ajuda empresas a gerenciar todas as intera\u00e7\u00f5es com clientes em um \u00fanico ambiente. Com recursos de IA, relat\u00f3rios em tempo real e suporte omnicanal, ele aumenta a produtividade dos agentes e melhora a experi\u00eancia do cliente em todos os canais.<\/p>\n<\/div><\/div>\n<\/div>\n<\/div>\n\n<div class=\"et_pb_row_5 et_pb_row et_block_row preset--module--divi-row--048d8e79-b07f-439b-bd57-f41c14f0a56b\">\n<div class=\"et_pb_column_10 et_pb_column et_pb_column_1_2 et_block_column et_pb_css_mix_blend_mode_passthrough\">\n<div class=\"et_pb_heading_5 et_pb_heading et_pb_module et_block_module preset--module--divi-heading--c33f07d9-41e0-421a-8799-5799df695cce\"><div class=\"et_pb_heading_container\"><h2 class=\"et_pb_module_header\">GoTo Meeting<\/h2><\/div><\/div>\n\n<div class=\"et_pb_text_4 et_pb_text et_pb_bg_layout_light et_pb_module et_block_module preset--module--divi-text--2c55a9c4-feed-423b-9edb-ae0b5b365cac\"><div class=\"et_pb_text_inner\"><p>O <strong data-start=\"2\" data-end=\"18\">GoTo Meeting<\/strong> \u00e9 uma plataforma profissional de videoconfer\u00eancia que permite realizar reuni\u00f5es online com alta qualidade de \u00e1udio e v\u00eddeo. Com compartilhamento de tela, grava\u00e7\u00e3o, seguran\u00e7a avan\u00e7ada e acesso simples por navegador ou aplicativo, ele facilita a colabora\u00e7\u00e3o entre equipes e clientes de qualquer lugar.<\/p>\n<\/div><\/div>\n<\/div>\n\n<div class=\"et_pb_column_11 et_pb_column et_pb_column_1_2 et-last-child et_block_column et_pb_css_mix_blend_mode_passthrough\">\n<div class=\"et_pb_image_4 et_pb_image et_pb_module et_block_module preset--module--divi-image--8249bb47-7bda-4c77-8a37-2a958f7a9826\"><span class=\"et_pb_image_wrap\"><img loading=\"lazy\" decoding=\"async\" src=\"http:\/\/visionsharetecnologia.com.br\/wp-content\/uploads\/2026\/03\/go-story-text-image-2.png\" alt=\"GoTo Meeting\" title=\"GoTo Meeting\" width=\"1108\" height=\"740\" srcset=\"http:\/\/visionsharetecnologia.com.br\/wp-content\/uploads\/2026\/03\/go-story-text-image-2.png 1108w, http:\/\/visionsharetecnologia.com.br\/wp-content\/uploads\/2026\/03\/go-story-text-image-2-980x655.png 980w, http:\/\/visionsharetecnologia.com.br\/wp-content\/uploads\/2026\/03\/go-story-text-image-2-480x321.png 480w\" sizes=\"(min-width: 0px) and (max-width: 480px) 480px, (min-width: 481px) and (max-width: 980px) 980px, (min-width: 981px) 1108px, 100vw\" class=\"wp-image-370\" \/><\/span><\/div>\n<\/div>\n<\/div>\n\n<div class=\"et_pb_row_6 et_pb_row et_block_row preset--module--divi-row--048d8e79-b07f-439b-bd57-f41c14f0a56b\">\n<div class=\"et_pb_column_12 et_pb_column et_pb_column_1_2 et_block_column et_pb_css_mix_blend_mode_passthrough\">\n<div class=\"et_pb_image_5 et_pb_image et_pb_module et_flex_module\"><span class=\"et_pb_image_wrap\"><img loading=\"lazy\" decoding=\"async\" src=\"http:\/\/visionsharetecnologia.com.br\/wp-content\/uploads\/2026\/03\/gsti-1.png\" alt=\"GoTo Webinar\" title=\"GoTo Webinar\" width=\"1400\" height=\"800\" srcset=\"http:\/\/visionsharetecnologia.com.br\/wp-content\/uploads\/2026\/03\/gsti-1.png 1400w, http:\/\/visionsharetecnologia.com.br\/wp-content\/uploads\/2026\/03\/gsti-1-1280x731.png 1280w, http:\/\/visionsharetecnologia.com.br\/wp-content\/uploads\/2026\/03\/gsti-1-980x560.png 980w, http:\/\/visionsharetecnologia.com.br\/wp-content\/uploads\/2026\/03\/gsti-1-480x274.png 480w\" sizes=\"(min-width: 0px) and (max-width: 480px) 480px, (min-width: 481px) and (max-width: 980px) 980px, (min-width: 981px) and (max-width: 1280px) 1280px, (min-width: 1281px) 1400px, 100vw\" class=\"wp-image-369\" \/><\/span><\/div>\n<\/div>\n\n<div class=\"et_pb_column_13 et_pb_column et_pb_column_1_2 et-last-child et_block_column et_pb_css_mix_blend_mode_passthrough\">\n<div class=\"et_pb_heading_6 et_pb_heading et_pb_module et_block_module preset--module--divi-heading--c33f07d9-41e0-421a-8799-5799df695cce\"><div class=\"et_pb_heading_container\"><h2 class=\"et_pb_module_header\">GoTo Webinar<\/h2><\/div><\/div>\n\n<div class=\"et_pb_text_5 et_pb_text et_pb_bg_layout_light et_pb_module et_block_module preset--module--divi-text--2c55a9c4-feed-423b-9edb-ae0b5b365cac\"><div class=\"et_pb_text_inner\"><p>O <strong>GoTo Webinar<\/strong> \u00e9 uma plataforma profissional para cria\u00e7\u00e3o e gest\u00e3o de webinars e eventos virtuais. Ela permite organizar apresenta\u00e7\u00f5es, treinamentos e eventos online com ferramentas de intera\u00e7\u00e3o, automa\u00e7\u00e3o de convites, an\u00e1lises detalhadas e integra\u00e7\u00f5es com CRM, ajudando empresas a engajar o p\u00fablico, gerar leads e ampliar seu alcance digital.<\/p>\n<\/div><\/div>\n<\/div>\n<\/div>\n<\/div>\n\n<div class=\"et_pb_section_3 et_pb_section et_section_regular et_flex_section\">\n<div class=\"et_pb_row_7 et_pb_row et_flex_row\">\n<div class=\"et_pb_column_14 et_pb_column et-last-child et_flex_column et_pb_css_mix_blend_mode_passthrough et_flex_column_24_24 et_flex_column_24_24_tablet et_flex_column_24_24_phone\">\n<div class=\"et_pb_video_0 et_pb_video et_pb_module et_flex_module\"><div class=\"et_pb_video_box\"><iframe loading=\"lazy\" title=\"Aproveite todo o potencial do GoTo Connect direto no Microsoft Teams\" width=\"1080\" height=\"608\" src=\"https:\/\/www.youtube.com\/embed\/4YrmMdELCbQ?feature=oembed\"  allow=\"accelerometer; autoplay; clipboard-write; encrypted-media; gyroscope; picture-in-picture; web-share\" referrerpolicy=\"strict-origin-when-cross-origin\" allowfullscreen><\/iframe><\/div><\/div>\n<\/div>\n<\/div>\n<\/div>\n\n<div class=\"et_pb_section_4 et_pb_section et_section_regular et_block_section\">\n<div class=\"et_pb_row_8 et_pb_row et_block_row preset--module--divi-row--5138c454-be54-4233-bd3b-f8e6a8747976\">\n<div class=\"et_pb_column_15 et_pb_column et_pb_column_4_4 et-last-child et_block_column et_pb_css_mix_blend_mode_passthrough preset--module--divi-column--73121f80-a3ef-4484-8763-c3f18e3c56d2\">\n<div class=\"et_pb_cta_0 et_pb_promo et_pb_bg_layout_light et_pb_module et_flex_module preset--module--divi-cta--4c2ad5d0-871e-414e-a4be-aa9134d4ae8e\"><div class=\"et_pb_promo_description\"><h2 class=\"et_pb_module_header\">Expanda seus neg\u00f3cios com as solu\u00e7\u00f5es GoTo<\/h2><div class=\"et_pb_promo_content\"><p>Ferramentas de comunica\u00e7\u00e3o e TI remota para clientes e equipes em qualquer lugar, para qualquer dispositivo.<\/p>\n<\/div><\/div><\/div>\n\n<div class=\"et_pb_row_9 et_pb_row et_pb_row_nested et_flex_row\">\n<div class=\"et_pb_column_16 et_pb_column et-last-child et_flex_column et_pb_css_mix_blend_mode_passthrough et_flex_column_24_24 et_flex_column_24_24_tablet et_flex_column_24_24_phone\">\n<div class=\"et_pb_module et_pb_button_module_wrapper et_pb_button_0_wrapper\"><a class=\"et_pb_button_0 et_pb_button et_pb_bg_layout_light et_animated et_pb_module et_flex_module\" href=\"https:\/\/mauriciocassemiro.click\/goto\" target=\"_blank\">Fa\u00e7a uma cota\u00e7\u00e3o conosco<\/a><\/div>\n<\/div>\n<\/div>\n<\/div>\n<\/div>\n\n<div class=\"et_pb_row_10 et_pb_row et_flex_row\">\n<div class=\"et_pb_column_17 et_pb_column et-last-child et_flex_column et_pb_css_mix_blend_mode_passthrough et_flex_column_24_24 et_flex_column_24_24_tablet et_flex_column_24_24_phone\">\n<div class=\"et_pb_cta_1 et_pb_promo et_pb_bg_layout_light et_pb_module et_flex_module preset--module--divi-cta--4c2ad5d0-871e-414e-a4be-aa9134d4ae8e\"><div class=\"et_pb_promo_description\"><h2 class=\"et_pb_module_header\">\u260e\ufe0f\ud83d\udcf1+55 (11) 3566-6249<\/h2><\/div><\/div>\n\n<div class=\"et_pb_cta_2 et_pb_promo et_pb_bg_layout_light et_pb_module et_flex_module preset--module--divi-cta--4c2ad5d0-871e-414e-a4be-aa9134d4ae8e\"><div class=\"et_pb_promo_description\"><h2 class=\"et_pb_module_header\">\u2709\ufe0f goto@visionsharetecnologia.com.br<\/h2><\/div><\/div>\n<\/div>\n<\/div>\n<\/div><span class=\"et_bloom_bottom_trigger\"><\/span>","protected":false},"excerpt":{"rendered":"","protected":false},"author":1,"featured_media":0,"parent":0,"menu_order":0,"comment_status":"closed","ping_status":"closed","template":"","meta":{"om_disable_all_campaigns":false,"_monsterinsights_skip_tracking":false,"_monsterinsights_sitenote_active":false,"_monsterinsights_sitenote_note":"","_monsterinsights_sitenote_category":0,"footnotes":""},"class_list":["post-346","page","type-page","status-publish","hentry"],"aioseo_notices":[],"_links":{"self":[{"href":"https:\/\/visionsharetecnologia.com.br\/index.php\/wp-json\/wp\/v2\/pages\/346","targetHints":{"allow":["GET"]}}],"collection":[{"href":"https:\/\/visionsharetecnologia.com.br\/index.php\/wp-json\/wp\/v2\/pages"}],"about":[{"href":"https:\/\/visionsharetecnologia.com.br\/index.php\/wp-json\/wp\/v2\/types\/page"}],"author":[{"embeddable":true,"href":"https:\/\/visionsharetecnologia.com.br\/index.php\/wp-json\/wp\/v2\/users\/1"}],"replies":[{"embeddable":true,"href":"https:\/\/visionsharetecnologia.com.br\/index.php\/wp-json\/wp\/v2\/comments?post=346"}],"version-history":[{"count":27,"href":"https:\/\/visionsharetecnologia.com.br\/index.php\/wp-json\/wp\/v2\/pages\/346\/revisions"}],"predecessor-version":[{"id":405,"href":"https:\/\/visionsharetecnologia.com.br\/index.php\/wp-json\/wp\/v2\/pages\/346\/revisions\/405"}],"wp:attachment":[{"href":"https:\/\/visionsharetecnologia.com.br\/index.php\/wp-json\/wp\/v2\/media?parent=346"}],"curies":[{"name":"wp","href":"https:\/\/api.w.org\/{rel}","templated":true}]}}